 4*o = -12, 3*p + 2*o = 6*p + 4. Let x = 88 - 80. Let r = p + x. What is the units digit of r?
4
Let x(b) = 16*b**2 - 2*b + 4. What is the units digit of x(4)?
2
What is the units digit of ((-10)/(-7))/((-3)/(-987))?
0
Let u(x) = x**2 - 2*x - 6. Let o be u(0). What is the units digit of 6/(-4)*328/o?
2
Let j = -15 - -18. Suppose -12 = -j*y, 0*f + 77 = f - y. What is the tens digit of f?
8
Let g = -15 + 15. Suppose g = 5*c - 14 - 6. Suppose -4*u - 120 = -2*b, -2*b = -b + c*u - 60. What is the tens digit of b?
6
Let i(a) = 14*a**2 - 14*a + 30. Let f be i(10). What is the tens digit of f/(-12)*((-24)/(-15))/(-4)?
4
Let k(t) = -t - 7. Let a be k(-5). Let z = a - -9. What is the units digit of (-49 - (4 - z))*-1?
6
Let c = 3447 + -1211. What is the hundreds digit of c?
2
Suppose -6*i - 53 = -7*i. What is the units digit of i?
3
What is the tens digit of (-486)/(-11) - (-2)/(-11)?
4
Suppose -6*x + 132 = -0*x. Suppose -16 - 38 = -3*k + 3*n, 0 = -3*k - 5*n + x. What is the units digit of k?
4
Suppose 2*z + 41 = a, -a - 4*a - 68 = 3*z. Let y = z + 20. What is the tens digit of 2*28*(2 + y)?
5
Let x be (-24 + 0)*60/80. Let z = 22 + x. What is the units digit of 1*(z - (4 - 3))?
3
Let x = -3198 - -5651. What is the hundreds digit of x?
4
Let c = -7 + 59. Let m = c + -5. What is the tens digit of m?
4
Suppose -3*x + 44 = 14. Suppose 2*o + 3*q = 50, 52 = o + o + 2*q. Suppose -5*c = 2*m - 24 + x, -4*m = 3*c - o. What is the units digit of m?
7
Suppose 2*v + 2 = 5*p, 2*v + 4*p = -2*v - 4. Let n(i) = -105*i**2 + 3*i + 2. Let o be n(v). Let u = o - -152. What is the tens digit of u?
4
Let f(y) = y**3 - 10*y**2 + 4*y + 9. Let d(a) = a**2 + 25*a - 44. Let k be d(-27). What is the units digit of f(k)?
9
Suppose 10*k = 4*k + 420. Suppose -3*f + g + k = 0, -2*f + 40 = -3*g - g. What is the tens digit of f?
2
Suppose 8458 = 16*r - 3734. What is the tens digit of r?
6
Suppose -y - 2*s - 53 + 11 = 0, -3*y - 5*s - 121 = 0. Let z = 86 - y. What is the hundreds digit of z?
1
Suppose 17*g - 20*g = -21. Suppose 0 = 3*s + q - 281, 5*s = -3*q + g*q + 457. What is the tens digit of s?
9
Suppose 0 = -5*z - 10, -2*z + 5 = p + 2*p. Suppose -687 = p*m + 1293. What is the units digit of (-5)/(-2)*m/(-50)?
3
Let c(m) = 6*m**2 + 2*m - 1. Let n(r) = -13*r**2 - 5*r + 1. Let s(b) = 9*c(b) + 4*n(b). What is the tens digit of s(-6)?
7
Suppose -4*d = -4 - 0. Let x be d + (1 - (3 - 3)). Suppose x*i - 33 = 37. What is the tens digit of i?
3
Let n be ((-24)/(-16))/((-3)/308). Let u = 228 + n. What is the units digit of u?
4
Suppose o + 32 = 3*o - 4*l, -l - 28 = -3*o. What is the units digit of 19/1 - (8 - o)?
9
Let x(d) = d + 2. Let k be x(6). Let z = k + -8. Suppose h - 5 + z = 0. What is the units digit of h?
5
Suppose -99*l = -102*l + 1650. What is the units digit of l?
0
Let q = -13 - -17. Suppose -q*m - 157 = 55. What is the tens digit of (m/(-1))/(-15 - -16)?
5
Suppose -13*q + 6054 = -10*q - 3*m, -4*q - 4*m = -8096. What is the thousands digit of q?
2
Let w(g) = -g**2 - 7*g - 22. Let u(v) = v**2 + 8*v + 22. Let t(x) = -4*u(x) - 5*w(x). What is the units digit of t(0)?
2
Suppose -14*j + 14695 = -35719. What is the thousands digit of j?
3
Suppose p + 4 = 0, 4*b + 0*b - 4*p = 16. Let m(v) be the second derivative of v**4/12 - v**3/6 + 14*v**2 + v. What is the units digit of m(b)?
8
Let i be 0/(-4*(-3)/6). Suppose -d + 2*d - 14 = i. What is the units digit of d?
4
What is the tens digit of (-10 + 12)*(-635)/(-10)?
2
Let u(w) = -w**2 + 10*w - 2. Let x be u(9). Let k(p) = -3*p - 9*p**3 - 9*p**3 + 8*p**2 + 17*p**3. What is the units digit of k(x)?
8
Suppose -5*b - v - 8 = v, -b + 2 = 4*v. Let l(y) = 6*y**2 - y + 4. Let g(q) = -1. Let a(s) = 2*g(s) + l(s). What is the units digit of a(b)?
8
Let a(f) = f**2 - 5*f - 30. Let i be a(9). Let w(u) be the third derivative of u**4/3 - u**3/6 + u**2. What is the tens digit of w(i)?
4
Let i be 21*(12/4)/(-1). Let c = 179 + i. What is the units digit of c?
6
Suppose -2*g - 3*p + 10509 = 1273, 0 = 2*g - 2*p - 9216. What is the thousands digit of g?
4
Suppose 10*r + 48 = 2*r. Let w = 34 + r. What is the tens digit of w?
2
Let d(f) be the second derivative of f**4/12 + f**3/6 - 3*f**2 + 16*f. What is the units digit of d(6)?
6
Suppose 2 + 37 = r - 3*k, r - 21 = -3*k. Suppose 2*b - r = -6. What is the units digit of ((-8)/b)/(2/(-75))?
5
Suppose 0 = -8*s + 5*s + 816. Suppose s = 15*b - 11*b. Let l = -42 + b. What is the units digit of l?
6
Let y(s) = 6*s + 14. Let f be y(5). Let l = f - 18. What is the tens digit of l?
2
Suppose 4960 = -80*i + 85*i. What is the hundreds digit of i?
9
Suppose -5*h + 18 + 6 = 2*j, 5*j = -4*h + 9. Suppose h*z - 10 = z. What is the tens digit of (3 + -4)*(-22)/z?
1
What is the hundreds digit of (-136)/12*(-28 + -2)?
3
Let o(d) be the first derivative of -d**3/3 - 13*d**2/2 - 8*d - 6. Let n be o(-11). Let m = n - -2. What is the units digit of m?
6
Let d = 18 - 96. Let w = -43 - d. What is the units digit of w?
5
Let p = 29 + -26. Suppose 0 = p*o - 5*l - 245, 0 = -2*o - 0*l - 5*l + 180. What is the units digit of o?
5
Let n(y) = 92*y**2 - 21*y + 4. Let c be n(6). Suppose 17*d = 6*d + c. What is the units digit of d?
0
Suppose 143*p - 235362 = 286302. What is the tens digit of p?
4
What is the units digit of 431 - ((-9)/(-2) - 3/(-6))?
6
Suppose -7*g + 31 = -6*g - 4*h, -5*h = g + 14. Suppose 0 = 3*i + g*i - 1456. What is the hundreds digit of i?
1
Suppose 0 = 7*o + 8*o - 9135. What is the hundreds digit of o?
6
Suppose 4*w = -w + 80. Let c be ((-12)/w)/((-1)/4). Suppose 14 = c*f - 40. What is the tens digit of f?
1
Let l be 7 + -8 + 1*-2. Let t be 9 + (-3)/l + -1. What is the tens digit of 20*(t/(-12) - -2)?
2
Let z = 15 - 14. Suppose h + z = -2, -3*i + h = -15. Suppose -a = 5*v - 169, i*a + 54 = 2*v + a. What is the tens digit of v?
3
Let f(b) = -2*b**2 + 7*b - 15. Let h(s) = -s**2 + 7*s - 16. Let j(y) = -6*f(y) + 5*h(y). What is the units digit of j(4)?
4
What is the units digit of 7 - (6 - 10) - -1288?
9
Suppose -3*r + 3534 = 3*w, 3*r + 5*w = 9*w + 3534. What is the thousands digit of r?
1
Suppose 2*p = 5*r - 86 + 28, 3*r = 5*p + 50. Let h(x) be the third derivative of x**5/30 - 7*x**4/12 - 4*x**3/3 + 8*x**2. What is the units digit of h(r)?
2
What is the tens digit of (21 - 12 - -2127) + 0 + 7?
4
Let r(v) = v**2 + 6*v - 1. Suppose 4*m - 4 + 2 = -3*k, m = 4*k + 29. Let h be r(k). What is the units digit of (-228)/(-10) - h/5?
3
Let q = 2233 - 1584. What is the hundreds digit of q?
6
Let w = -19 + 19. Suppose 2*g - 88 = g + 3*t, -3*g - 3*t + 252 = w. Suppose g = j + 20. What is the units digit of j?
5
Let x(j) = 46*j**2 + 44*j + 35. What is the tens digit of x(-9)?
6
Suppose 0*o = 5*o - 460. Let f = -47 + o. What is the units digit of f?
5
Let b(l) = l**2 - 7*l + 11. Let z be b(7). Suppose 0 = 12*c - z*c - 172. What is the tens digit of c?
7
Let v(w) = -w**3 + 7*w**2 - 6*w + 6. Let c be v(6). Suppose -2*r - 4 - c = 0. What is the units digit of 1 + 0/4 - r?
6
Suppose n = -n - n. Suppose n = c + 13*c - 2268. What is the tens digit of c?
6
What is the hundreds digit of -7 - -9 - (0 + (1 - 876))?
8
Let a(b) be the first derivative of b**2 - 57. Let v = 18 - 12. What is the tens digit of a(v)?
1
Let o(b) = 7*b**2 - 32 - 34 + 57 + 6*b. What is the tens digit of o(-4)?
7
Suppose -t + 10 = 4*t. Let p(g) = g**2. Let l be p(t). What is the units digit of ((-3)/6)/(l/(-96))?
2
Let m be (32/20)/(4/50). What is the tens digit of 5/40*m*(0 - -20)?
5
Let x(f) = -5*f**3 - 6*f**2 + 8*f + 3. Let l be x(-5). Suppose -3*r = 5*b - 343, 5*r - l = r + 3*b. What is the tens digit of r?
1
What is the units digit of (262 + -3 - -7) + 2?
8
Let h be -9*-1*(-2)/(-2). Let z(i) = -i**2 + 11*i - 7. What is the units digit of z(h)?
1
What is the units digit of (-4 + (-1275)/(-10))*2?
7
Let s(f) = -f**2 - f + 8. Let v(g) = g**2 - 9. Let x(h) = -3*s(h) - 2*v(h). What is the units digit of x(11)?
8
Let s = 4806 - 2499. What is the thousands digit of s?
2
Let d(x) = -6*x**3 - x**2 + 10*x + 4. What is the hundreds digit of d(-4)?
3
Suppose 4*q = 2 + 6, 3*h + 3*q - 1758 = 0. What is the units digit of h?
4
Let u(b) = 6*b**2 + 295 + 0*b + 5*b - 290. Let h = 2 + -4. What is the tens digit of u(h)?
1
Let k(s) = 2*s**2 - 7*s - 5. Let f be 2/9 - ((-1975)/45)/5. What